t) = t**2 + 18*t - 40. Let y be w(-22). Calculate the greatest common divisor of y and 16.
16
Let m = -3 + 5. Let z(j) = -j**3 + 18*j**2 - 16*j - 16. Let p be z(17). Calculate the highest common divisor of p and m.
1
Let b(q) = q**2 - q - 6. Suppose -2*h - 5 = -3*h. Let i be b(h). What is the highest common divisor of 21 and i?
7
Let g be 7 + (0 - 2) + 0. Suppose -170 = g*a - 885. Calculate the greatest common divisor of 13 and a.
13
Suppose -3*d + 2*j - 7 = 0, 1 = 5*d - 5*j + 11. Let c be (d/9)/(2/(-462)). What is the highest common divisor of 7 and c?
7
Let d(l) = -3*l + 22. Let r be d(7). What is the greatest common divisor of r and 25?
1
Let f(n) = 63*n**2 - 5*n - 5. Let a be f(-1). Calculate the greatest common divisor of 21 and a.
21
Let x(y) = 2*y**2 + 4*y. Let h be x(-6). Calculate the highest common factor of 12 and h.
12
Suppose -4*n = -8*n + 104. Calculate the greatest common factor of 130 and n.
26
Let m = -61 + 116. Let w(z) = -z**3 - 2*z**2 - 3*z - 1. Suppose 2*g - q + 6 = 0, 5*q - 1 - 9 = 0. Let a be w(g). What is the greatest common divisor of a and m?
5
Let c(d) = d**2 + 10*d - 9. Let q be c(-11). What is the highest common factor of q and 10?
2
Let t(g) = -g**3 - 3*g**2 + 3*g. Let j be t(-4). Let m(u) = 2*u**2 - 5*u + 5. Let r be m(j). What is the greatest common factor of 136 and r?
17
Suppose 0 = -5*y - 0 + 25. Suppose -y*a = 15, 5*z = 3*a - 4*a + 12. What is the highest common factor of z and 12?
3
Suppose -4*s = -2*s - 18. What is the greatest common factor of s and 9?
9
Suppose 0 = -q - 1 - 2. Let f = q + 5. What is the highest common factor of 16 and f?
2
Let z be 176/10 + (4/5)/2. What is the highest common divisor of 18 and z?
18
Let c = -2 - -7. Suppose -c*k - 2 = 3*b - 0*k, -2*b + 5*k + 7 = 0. Let r be (b - 0) + (-2 - -2). What is the highest common divisor of 1 and r?
1
Let y = 11 + 53. Calculate the highest common factor of 160 and y.
32
Let i be (2/4)/(5/270). Suppose -2*z - z + i = 0. Suppose -5*c - 5*p = -z*p - 19, -3*c + 5*p = -14. Calculate the highest common divisor of c and 33.
3
Let q(x) = -2*x + 7. Let z be q(-5). Calculate the highest common factor of 187 and z.
17
Let i = 34 - 27. What is the highest common factor of 1 and i?
1
Let p = -27 - -35. What is the highest common factor of p and 72?
8
Let z(j) = -2*j + 3. Let d be z(8). Let x = 152 - d. What is the greatest common factor of 15 and x?
15
Let w(l) = l**2 - 6*l - 7. Suppose 0 = -4*q - 5*r + 23, 2*q - 2*r + r - 15 = 0. Let b be w(q). Let m = b + 7. What is the greatest common factor of 14 and m?
7
Let n be (-3 - 57/6)*-2. Let v = n - 14. Let j be (-772)/(-10) - (-1)/(-5). What is the highest common factor of j and v?
11
Let g(l) = l**3 + 4*l**2 - 1. Let y be g(-4). Let d(u) = -132*u**3 - u - 1. Let v be d(y). Calculate the greatest common divisor of v and 12.
12
Let x(m) = -m**2 - 12*m - 3. Let y be x(-8). What is the highest common divisor of y and 29?
29
Let m(h) = -3*h - 6. Let a be m(-5). Let t = a - 7. Calculate the greatest common factor of 3 and t.
1
Let x = 0 - -1. Suppose 2*p = -5*w + w - 8, -3*p + 5*w - 23 = 0. Let s = p + 10. Calculate the greatest common divisor of s and x.
1
Let v(z) = z**2 - 5*z + 9. Let o be v(7). Suppose s - o = 7. Calculate the highest common divisor of 6 and s.
6
Let f(b) = b**3 - 4*b**2 + 2*b + 1. Let g be f(5). Let z = 15 - 3. Calculate the highest common divisor of g and z.
12
Suppose -5*w + 5*k + 84 + 11 = 0, 38 = 2*w + 5*k. Suppose 205 = 4*q - 2*o + w, -4*q - 3*o = -161. What is the highest common divisor of 110 and q?
22
Suppose -5*x + 62 = 5*p - 108, 0 = -x + 2*p + 37. Suppose -15*r + 52 = -158. Calculate the highest common divisor of r and x.
7
Let g(w) = w**3 + 5*w**2 - w - 1. Let l be g(-5). Let m(b) = b**3 - 3*b**2 + b + 2. Let n be m(l). Calculate the greatest common factor of 44 and n.
22
Suppose 0*y = -12*y + 12. Let r(m) = -m - 4. Let t be r(-5). Calculate the highest common factor of y and t.
1
Let g(t) = t**2 + 11*t + 22. Let z be g(-13). Calculate the highest common divisor of 120 and z.
24
Let t be (2 - 3)*2 + 0 + 20. What is the highest common divisor of t and 2?
2
Let n = -22 + 75. Let v = n + -5. Calculate the highest common divisor of 6 and v.
6
Let d be (-2 + 3)*(-3 - -19). What is the greatest common factor of d and 128?
16
Let k = 1 + -4. Let i be k/(-9) + (-238)/(-6). Suppose 6*v - 4*v = i. Calculate the highest common divisor of v and 5.
5
Suppose 535 = x + 4*x. Suppose -5*n - 5 = 0, 9*n + 144 = -3*u + 6*n. Let z = x + u. Calculate the greatest common divisor of z and 12.
12
Let d = 3 - -42. Suppose 0 = -50*t + 550 - 100. What is the greatest common divisor of t and d?
9
Let g = -2 - -11. Let w = 0 + 0. Suppose 4*p + 152 = 2*l, w = 5*p + 10. Calculate the greatest common factor of l and g.
9
Let r be 2 + 2 + 0 + -1. Suppose r*d - 7 = 2*i, -4*i + 1 = -d - 0*i. Suppose 0 = -g + d*g - 54. Calculate the highest common divisor of 9 and g.
9
Let s = 55 + -34. What is the highest common divisor of s and 3?
3
Let z(w) = w**3 - 7*w**2 - 14*w + 13. Let m = -6 - -15. Let u be z(m). What is the highest common factor of u and 7?
7
Suppose -2*y + 107 = -113. Suppose -f - 1 = 4. Let t = 15 + f. What is the highest common factor of y and t?
10
Let c = 63 - 53. Calculate the highest common divisor of c and 85.
5
Suppose -w + 240 = 2*w. Suppose 0 = 5*c - 5*j - w, -4*c + j = -0*c - 58. Calculate the highest common divisor of c and 42.
14
Suppose -3*x + 12 = -0*x. Suppose -2*p = -p - x. Suppose -p*u - 500 = -9*u. Calculate the greatest common divisor of u and 10.
10
Suppose 4*j = 3*m + 5, -4*j - 10 = 2*m - 0. Let p be 57 - ((-2 - j) + 1). Calculate the highest common divisor of 38 and p.
19
Suppose -7*w = -3*w - 36. Calculate the highest common factor of w and 117.
9
Let d(q) = -5 + 1 + q - 4. Let w be d(6). Let b be (-22)/(w + 0) + 1. Calculate the highest common factor of b and 60.
12
Let q(y) be the second derivative of y**4/6 - y**3/6 + y**2 - 2*y. Let o be q(2). What is the highest common divisor of 8 and o?
8
Let d be (-1*14)/(-2) - 0. Let r(s) = -s**3 - 5*s**2 + 2*s - 7. Let y be r(-7). Calculate the highest common factor of d and y.
7
Let b = 2 - 1. Let a(c) = -22*c + 1 + 35*c + 30*c. Let q be a(b). What is the highest common divisor of 110 and q?
22
Let m = -7 + 7. Suppose -c + 5*b + 0*b + 110 = m, -205 = -2*c - 5*b. What is the greatest common divisor of c and 21?
21
Let d(k) = -k**2 + 17*k + 14. Let u be d(17). Let h be (28/6)/((-1)/(-24)). What is the highest common factor of h and u?
14
Let l(f) = 2*f - 11. Let p be l(6). Let k(o) = o**2 - 5. Let a be k(-4). What is the highest common divisor of a and p?
1
Suppose -3*u - 4 = -2*u, 5*n - 109 = u. Calculate the highest common factor of n and 21.
21
Let x be -3*1/(-3) - -1. Calculate the highest common divisor of 8 and x.
2
Suppose d - 4*d = -3*r + 285, 0 = 5*r + 5*d - 425. What is the greatest common divisor of 30 and r?
30
Let v = 39 + -26. Calculate the greatest common divisor of 143 and v.
13
Let n be 8/(-44) + (-2)/(-11). Suppose 4*w - 3*y - 20 = n, -6 = w + 2*y - 22. What is the highest common factor of w and 8?
8
Let b = -17 + 27. Suppose -4*n + 8 = 3*u, -4*n = n + 2*u - b. Let g(p) = -p**3 - p**2 + p + 3. Let a be g(-3). Calculate the greatest common factor of a and n.
2
Suppose -4*v = 6 - 2, 3*u = -5*v + 67. Let p be (-3)/(-2)*(-8)/(-18)*24. Calculate the greatest common factor of p and u.
8
Let h = -43 + 75. Let g(j) = -j**3 + 7*j**2 + 8. Let z be g(7). Calculate the highest common factor of z and h.
8
Let m = 13 + -8. Let x be (m - -1) + -1 + -1. What is the highest common factor of 16 and x?
4
Let f(r) = -3*r - 22. Let b be f(-15). What is the greatest common divisor of 184 and b?
23
Let l = 13 + -1. Let w(j) = -j**3 + 2*j**2 + 3*j - 3. Let i be w(2). Suppose 7*m - 120 = i*m. Calculate the greatest common factor of m and l.
6
Suppose -3*o = -5*i + 972, o = 6*i - i - 974. Let u = -1 + 4. Suppose -u*d + 0*d = -i. Calculate the highest common factor of 26 and d.
13
Let o = 35 - -1. What is the highest common factor of 9 and o?
9
Suppose 15 = i - 5*n, 2*i + 4 = 3*n + 13. Suppose -2*v = -5*v + 2*r + 5, i = -5*r + 10. What is the greatest common divisor of 3 and v?
3
Suppose 5*q = -5*n + 65, 0 = -0*n - n + 5. Calculate the highest com